)?
9
Let g(w) = w**2 - 3*w - 5. What is the units digit of g(-5)?
5
Suppose 5*n = 8*f - 3*f - 25, -3*f - 2*n = 10. Suppose 5*l - 4*d + d + 33 = f, -53 = 5*l + 2*d. What is the tens digit of (-78)/(-4) - l/(-6)?
1
Let d be (-3)/9 - 14/(-6). Let q be (4 + -1)/((-9)/(-66)). Suppose 0*v = -d*v + q. What is the tens digit of v?
1
Let i = -51 - -62. What is the tens digit of i?
1
Let o(r) = -29*r + 45. What is the units digit of o(-4)?
1
Suppose s + 40 = -4*s. Suppose w + w = -4*t + 28, 52 = 2*w - 4*t. What is the units digit of (14/(-5))/(s/w)?
7
Let z be (-4)/2 + (7 - 1). Suppose 2*b = z + 14. Suppose 2*a = -b + 31. What is the units digit of a?
1
Suppose 0*v - 14 = -5*v - s, 0 = 2*s + 2. What is the units digit of v?
3
Let z = -137 - -246. What is the tens digit of z?
0
Suppose 9*a - 3*a = 12. Suppose -a*m + 64 + 20 = 0. What is the tens digit of m?
4
Let i = 53 + -13. What is the units digit of i?
0
What is the tens digit of (-281)/(-4) - (-6)/8?
7
Suppose 2*l + 6*d - 4*d = 514, -2*d + 1020 = 4*l. What is the hundreds digit of l?
2
Let u be -3*80/36*6. Let m = -21 - u. What is the tens digit of m?
1
Let x = 6 - 0. Let f(o) = o**3 + 7*o**2 + 3. Let l be f(-7). Let u = x - l. What is the units digit of u?
3
Let o be 1 - ((-9)/3 + 2). Let c be -2*(o - -1)/3. Let q = 0 - c. What is the units digit of q?
2
Let u(a) be the third derivative of a**5/60 + 133*a**3/6 - a**2. Let b be u(0). Suppose 53 = -5*q + b. What is the tens digit of q?
1
Let o = -4 + 9. Suppose 0 = o*p - 82 - 18. What is the tens digit of p?
2
Let j be (12/(-10))/(12/(-30)). Let t(p) = -p**2 + 9*p + 6. Let o be t(10). What is the units digit of 18*((-4)/j)/o?
6
Suppose 4*k - 20 = 0, -3*m + 0*m - 3*k + 45 = 0. Suppose -3*b = -5*b + m. What is the units digit of b?
5
Let i(n) = -3*n**3 - 2*n**2 - 1. What is the units digit of i(-2)?
5
Suppose d - 2*d + 3 = 0. Let y = -26 + d. Let a = -2 - y. What is the units digit of a?
1
Suppose 0 = -3*w - 2 - 1, -2*o = w - 215. Suppose -18*k + 20*k = o. What is the tens digit of k?
5
Suppose -n = -2*b - 0*b - 5, 8 = -2*n - 5*b. What is the tens digit of -3*((-38)/6)/n?
1
Suppose 2*n + 10 = -5*x, -n = 4*n + 5*x - 5. Suppose -n*j = 7 + 3. Let c = j + 8. What is the units digit of c?
6
Suppose c - 3*c = -72. What is the tens digit of c?
3
Suppose 0 = -3*z - 0*z + 45. What is the units digit of 25/z*(0 + 6)?
0
Suppose 4*c + 3*i - 459 = 2*i, 5*i + 25 = 0. What is the units digit of c?
6
Suppose -16*x + 9*x = -287. What is the tens digit of x?
4
Suppose 3*y + 252 = -0*y. Let n = y + 55. Let l = n + 42. What is the tens digit of l?
1
Suppose 3*u - 32 = 52. What is the units digit of u?
8
Let f = -7 + 21. What is the tens digit of f?
1
Let a(n) = 27*n - 3. What is the tens digit of a(7)?
8
Let q = 20 + -21. Let z(j) = -36*j + 2. What is the units digit of z(q)?
8
Let k(i) be the first derivative of i**4/4 - 5*i**3/3 + 2*i**2 - 2*i - 4. Let h(q) = -q**2 - 5*q + 1. Let x be h(-4). What is the tens digit of k(x)?
1
What is the tens digit of (-1)/((-588)/(-148) + -4)?
3
Let c(m) = -m**3 + 7*m**2 + 5*m - 2. What is the units digit of c(7)?
3
Suppose -4*c + 256 = 4*l, -3*c - 55 - 88 = -2*l. What is the tens digit of l?
6
Suppose 0*r = -r + 4. Suppose 0*k = r*k - 36. What is the units digit of k?
9
Let n = 9 + -2. What is the units digit of 386/7 - n/49?
5
Let k(c) = -c + 7. Let n be k(6). What is the units digit of 3/3*7/n?
7
Suppose -2*w - 45 = 3*w. What is the tens digit of 12/((w/(-3))/3)?
1
Suppose -1 = -2*n + 5. Suppose -4 + 50 = 5*s + n*v, -s - 4 = 5*v. What is the tens digit of s?
1
Suppose 0 = -5*l + 15, 3*f = -0*f - l + 3. Suppose q - 1 = -0*q, -2*w + 3*q + 73 = f. What is the units digit of w?
8
Let v be 2/(-7) + 102/14. Let k(x) = -x + 2. Let d be k(-8). Suppose -2*h - r = -v + 2, 3*h = -4*r + d. What is the units digit of h?
2
Let m = 22 + -11. What is the tens digit of m?
1
Suppose -148 = 12*f - 14*f. What is the units digit of f?
4
Let g(t) = -2*t**2 + 17*t - 29. What is the units digit of g(6)?
1
Let w = -56 + 78. What is the tens digit of w?
2
Let z be -1 - -8 - (-3 - -7). Suppose -z*f - 93 = -3*n, 0 = -5*f + 2*f + 9. What is the units digit of n?
4
Let i = -7 + 11. What is the units digit of -4*(-1)/(i/5)?
5
Let y be (12 + -2)*(-6)/4. Let b = y - -49. What is the units digit of b?
4
Suppose 5 = 5*f - 4*s, s + s - 4 = -4*f. Suppose -a = -f, -a - 29 = -4*m + 2. What is the units digit of m?
8
Suppose 0 = -5*v + 14 - 4. Suppose -20 = -v*z - 2*z. Suppose z*b - 26 = -11. What is the units digit of b?
3
Let k be -6 + 0 - (-1 + 2). Let g = -6 - k. What is the units digit of g?
1
Let n be 7/(-42) - 89/6. What is the tens digit of (-243)/n + 3/(-15)?
1
Let m = -7 + 4. Let p = m + 4. What is the units digit of p?
1
Let r(o) = -o + 34. What is the units digit of r(-22)?
6
Let u(r) = r**2 - 1. Let f be u(2). Suppose g = -f*g + 56. What is the tens digit of g?
1
What is the hundreds digit of ((-438)/(-3))/(5 + -4)?
1
Suppose -y + 8 = -2*p - 9, -39 = -2*y + 5*p. Let g = -3 - y. Let d = -6 - g. What is the units digit of d?
4
Let s = 103 - -48. Suppose -v + 2*z + s = 2*v, 2*v + 2*z = 94. What is the units digit of v?
9
Let n = -4 + 3. What is the units digit of (-4)/(-6) + n/(-3)?
1
Suppose 0 = -u + 1, -4*x - 2*u + 128 = -6*u. What is the tens digit of x?
3
Let w = 5 - -10. What is the tens digit of w?
1
Suppose x + 2 - 7 = 0. Suppose x = -0*u + 5*u. What is the units digit of u?
1
What is the units digit of (-159)/(-12) + 3/4?
4
Let l(r) = r**3 - 7*r**2 + 7*r + 6. What is the tens digit of l(6)?
1
What is the units digit of (-9)/(-2)*(-4)/(-2)?
9
Let l(s) be the first derivative of -5*s**2/2 + 2*s + 1. Let n be l(3). Let x = n + 18. What is the units digit of x?
5
Let g be 64/(-3) - 3/(-9). Let b = 0 + 2. What is the units digit of (b/(-3))/(2/g)?
7
Let x(i) be the second derivative of -i**6/360 - i**5/24 - i**4/8 - 2*i**3/3 - i. Let p(c) be the second derivative of x(c). What is the units digit of p(-4)?
1
Suppose 3*s - 8*s - 71 = 2*a, s + a + 16 = 0. Let t = s + 6. Let v = t - -14. What is the units digit of v?
7
Let k(u) = u**2 + 4*u - 14. What is the units digit of k(-10)?
6
Let m be (11/(-3))/(1/(-9)). Let t = 19 - m. What is the units digit of t/(-8) + 2/8?
2
Let k = -16 + 12. Let w = k - -11. What is the units digit of w?
7
Let b(v) = 3*v**3 - 2*v - 1. Suppose -7 = -4*y + o, 0*y + y + 4*o = 6. What is the units digit of b(y)?
9
Let a(p) be the first derivative of -2*p**3/3 + 2*p**2 - 2*p - 2. Let w be a(2). What is the units digit of w*(-7 + (2 - 3))?
6
Let k = -14 + 16. Suppose i = k*i - 28. What is the units digit of i?
8
Let h(s) = -7*s**2 + s**3 + 2 - 2*s**2 + 3 + 8*s. What is the units digit of h(8)?
5
Suppose 5*m + 7 = 22. Suppose -x + 75 - 21 = -3*h, -m*h - 258 = -5*x. Suppose -2*d = 9 - x. What is the units digit of d?
1
Suppose -f = -v + 3*f + 73, -2*v + f + 160 = 0. What is the units digit of v?
1
Let z be 2 + 13/(-1) - 1. Suppose -2*x - 3*x = -85. Let r = z + x. What is the units digit of r?
5
Let p be 12/(-6) - (-13 + -1). Let o = 0 + p. What is the tens digit of o?
1
Suppose 2 = -4*p + 14. Suppose 2*m + 4 = p*m. What is the units digit of (m/4)/(2/18)?
9
Suppose -4*l + 2*l + o + 405 = 0, -3*l + o = -609. What is the tens digit of l?
0
Let x be (-2)/(-3)*-1*-6. Let d = 12 + -7. Suppose 5*b - x = b + 4*o, 15 = d*o. What is the units digit of b?
4
Suppose 390 = 5*m - 460. What is the hundreds digit of m?
1
Let g = -6 + 9. Suppose 0 = -g*a - 5*f + 35, -4*a + a = 2*f - 23. Suppose 0 = a*i - 4*i - 5. What is the units digit of i?
5
Let g(h) = -8*h + h**2 + 14*h - 4 - 4*h. What is the tens digit of g(5)?
3
Let l = 43 + -22. Let v be (-99)/(-3) + 4/(-2). Let c = v - l. What is the units digit of c?
0
Let r = -36 + 73. What is the tens digit of r?
3
Suppose 0 = 5*m - 61 - 14. What is the units digit of 320/m - (-1)/(-3)?
1
Let h(u) = -10*u. Let o be h(-7). Suppose -x = 4*p - o, 2*p - 2*x - 7 = 33. What is the tens digit of p?
1
Let l be (-1)/3 - 5/3. What is the units digit of (-4 + 3)/(l/70)?
5
Let h be (-42)/4 + 5/10. Suppose 0 = -3*y + 2*y + 2, 3*u - 4*y - 58 = 0. Let z = u + h. What is the units digit of z?
2
Suppose 8 = -2*s - 5*d, 3*s + 1 + 0 = -2*d. Let x be -4 - (1 + s + 0). Let t = x + 9. What is the units digit of t?
3
Let q(j) = j**3